k**3 + 68*k**2 + 227*k + 6. Determine n(-3).
-36
Let b(o) = -o**2 + 651*o - 8085. Give b(13).
209
Let t(p) = 6106*p + 1502078. Determine t(-246).
2
Let o(z) = -38*z - 3196. Determine o(-114).
1136
Let l(x) = 7*x**2 + 1092*x + 30830. Determine l(-119).
9
Let o(u) = -2*u**2 - 274*u + 319. Give o(-111).
6091
Let h(s) = -124*s**2 + 2739*s - 188. Determine h(22).
54
Let l(i) = -8*i**3 - 137*i**2 - 108*i - 158. Give l(-18).
4054
Let i(f) = -6098*f - 24439. Calculate i(-4).
-47
Let s(o) = 15*o**2 + 614*o + 5497. What is s(-14)?
-159
Let w(y) = y**3 - 117*y**2 + 2950*y - 10617. Determine w(83).
7
Let x(h) = 6*h**3 + 8*h**2 - 61*h + 71. Determine x(4).
339
Let v(c) = -130*c - 7594. Give v(-56).
-314
Let g(p) = 2*p**3 + 213*p**2 + 489*p + 18266. What is g(-105)?
-4
Let f(b) = b**2 - 15163*b - 288085. What is f(-19)?
373
Let i(s) = 8*s**3 + 216*s**2 - 2972*s - 450. Give i(-37).
-6
Let s(q) = -2*q**3 + 538*q**2 + 1119*q - 9442. Give s(271).
43
Let m(c) = 218363*c - 436732. Calculate m(2).
-6
Let c(m) = 32*m**3 + 639*m**2 - 147*m - 2546. What is c(-20)?
-6
Let t(l) = -4*l**3 + 1065*l**2 + 828*l - 7209. Determine t(267).
0
Let d(h) = 8582*h + 42740. What is d(-5)?
-170
Let z(l) = 649*l**2 - 79831*l + 467. What is z(123)?
-25
Let l(j) = -2*j**3 - 453*j**2 + 230*j + 684. Give l(-227).
3
Let j(s) = 4*s**2 + 18887*s + 94331. Give j(-5).
-4
Let m(d) = -735*d - 32327. Give m(-44).
13
Let a(s) = -6074*s + 145917. What is a(24)?
141
Let d(i) = 63*i**2 - 414*i + 341. What is d(1)?
-10
Let m(k) = -187*k**2 + 92*k + 2. Calculate m(3).
-1405
Let b(m) = -m**2 + 38*m + 946. Give b(62).
-542
Let y(r) = -r + 159. Calculate y(-80).
239
Let m(s) = -s**3 + 149*s**2 - 454*s + 44487. Calculate m(148).
-801
Let d(x) = -3237*x + 11671. Calculate d(3).
1960
Let c(w) = 102*w**2 + 141*w - 1093. Give c(-5).
752
Let r(z) = z**2 - 79*z - 52324. What is r(-185)?
-3484
Let a(t) = 44359*t + 3992291. Give a(-90).
-19
Let x(q) = -14*q**2 + 442*q + 183. Determine x(32).
-9
Let r(z) = -39*z**2 + 7520*z - 6135. Calculate r(192).
9
Let d(n) = -10126*n + 50634. What is d(5)?
4
Let c(a) = -a**3 - 19*a**2 + 695*a + 8116. Determine c(-11).
-497
Let z(f) = -4*f**2 + 84*f - 714. Calculate z(8).
-298
Let a(y) = -29485*y + 324331. Give a(11).
-4
Let a(m) = -2545*m - 114539. Give a(-45).
-14
Let g(h) = -9*h**2 - 837*h - 17559. Determine g(-32).
9
Let f(y) = y**3 - 194*y**2 + 388*y - 1208. Calculate f(192).
-440
Let p(w) = -1130*w - 143553. Give p(-127).
-43
Let k(h) = 27*h**3 - 853*h**2 - 350*h - 61. Calculate k(32).
3
Let k(x) = 443*x + 9745. Calculate k(-19).
1328
Let d(v) = 26491*v + 529860. Determine d(-20).
40
Let s(j) = -2*j**3 - 40*j**2 + 64*j + 1175. Calculate s(-20).
-105
Let s(r) = 27*r**2 + 3027*r + 326. What is s(-112)?
-10
Let x(u) = -8241*u + 337897. Give x(41).
16
Let q(z) = -2*z**3 + 47*z**2 - 215*z + 8961. Calculate q(26).
-9
Let o(d) = d**3 + 13*d**2 - 62*d + 146. Calculate o(5).
286
Let u(b) = b**3 + 95*b**2 - 1498*b + 26. Give u(14).
418
Let t(u) = -6*u**2 - 581*u - 4170. Determine t(-89).
13
Let z(g) = 4690*g + 1561781. Calculate z(-333).
11
Let d(v) = 29*v**2 - 598*v + 136. Calculate d(20).
-224
Let z(d) = 33*d**3 + 4750*d**2 - 286*d + 285. What is z(-144)?
-3
Let c(x) = -4*x**3 - 463*x**2 + 2334*x + 407. Give c(5).
2
Let y(m) = -281*m + 2361. Determine y(8).
113
Let u(j) = j**3 - 33*j**2 + 265*j - 11753. What is u(35)?
-28
Let y(o) = -39*o**2 + 1463*o + 711. Calculate y(38).
-11
Let u(a) = a**3 + 565*a**2 - 19106*a - 796. Calculate u(-597).
398
Let c(j) = -j**3 - 44*j**2 - 115*j - 1955. Give c(-42).
-653
Let h(r) = -r**3 + 75*r**2 + 2044*r - 15138. Determine h(-26).
-6
Let n(k) = -19*k**3 - 96*k**2 + 44*k + 194. What is n(-6)?
578
Let i(t) = 68230*t + 204690. Determine i(-3).
0
Let w(x) = 3*x**2 + 744*x + 9620. Determine w(-234).
-208
Let a(t) = t**2 + 2190*t + 361875. Calculate a(-180).
75
Let c(p) = -2*p**3 - 9*p**2 + 48*p - 4. Calculate c(3).
5
Let u(x) = -x**3 + 105*x**2 - 599*x + 302. Give u(99).
-193
Let j(c) = 10907*c + 916171. Give j(-84).
-17
Let v(q) = 2628*q + 19825. Determine v(-8).
-1199
Let t(s) = -349*s - 33717. What is t(-99)?
834
Let q(w) = 755*w - 49040. Calculate q(65).
35
Let i(d) = 19*d**3 + 859*d**2 + 841*d - 18. Give i(-1).
-19
Let f(h) = -1248*h + 13586. Give f(11).
-142
Let k(b) = b**3 + 3*b**2 - 407*b - 9. Calculate k(-22).
-251
Let w(q) = 21*q**3 + 107*q**2 + 114*q + 93. Determine w(-4).
5
Let n(r) = 14*r**2 - 192*r - 1488. Give n(19).
-82
Let g(t) = 1037*t + 24527. Calculate g(-23).
676
Let c(g) = 15*g**3 + 1285*g**2 + 2096*g - 391. Calculate c(-84).
-55
Let l(p) = -2*p**3 - 86*p**2 + 475*p - 16. Determine l(-48).
224
Let k(z) = -z**3 + 31*z**2 - 3897*z + 111341. Calculate k(29).
10
Let u(r) = 5492*r**2 + 120822*r - 44. Determine u(-22).
0
Let m(r) = r**3 - 34*r**2 + 203*r - 202. Calculate m(8).
-242
Let h(s) = s**2 + 95291*s - 857712. Calculate h(9).
-12
Let t(p) = -2*p**2 + 282*p + 17769. What is t(190)?
-851
Let j(l) = -5582*l + 189792. What is j(34)?
4
Let t(o) = o**2 + 167*o - 1412. Calculate t(-173).
-374
Let u(q) = 2*q**3 + 19*q**2 + 45*q + 320. Calculate u(-9).
-4
Let g(j) = -2*j**3 - 1013*j**2 + 7203*j - 100. Determine g(7).
-2
Let s(q) = q**2 + 8*q - 2065. What is s(-64)?
1519
Let s(q) = -15*q**2 + 74*q + 542. Calculate s(-4).
6
Let r(k) = -8*k**2 - 1011*k + 2721. Give r(-128).
1057
Let j(m) = 50*m**2 + 343*m - 2940. What is j(5)?
25
Let j(q) = q**2 - 28*q - 71630. Give j(-254).
-2
Let k(v) = -2*v**2 + 2902*v - 23053. Determine k(8).
35
Let v(k) = 72224*k - 505271. Calculate v(7).
297
Let s(b) = 2541*b + 630158. Calculate s(-248).
-10
Let p(q) = -q**2 + 2010*q - 148846. Calculate p(77).
-5
Let a(r) = r**3 + 45*r**2 + 435*r + 594. Determine a(-32).
-14
Let w(z) = z**3 + 17*z**2 + 45*z + 164. Calculate w(-12).
344
Let g(w) = 89*w**2 + 1634*w + 598. What is g(-18)?
22
Let j(n) = -10*n**2 - 341*n + 300. Give j(-35).
-15
Let k(d) = -67*d - 15490. Calculate k(-231).
-13
Let r(j) = -j**2 + 3547*j - 109149. What is r(31)?
-153
Let f(q) = q**3 - 173*q**2 + 684*q - 2136. Give f(169).
-784
Let d(p) = -308*p - 90427. Give d(-291).
-799
Let f(y) = -6*y**2 + 51*y - 47. Determine f(21).
-1622
Let c(g) = -4*g**3 + 29*g**2 + 9578*g - 76439. Calculate c(8).
-7
Let p(m) = -721*m + 257715. Give p(358).
-403
Let l(n) = 5*n**3 + 760*n**2 + 17*n + 2691. Calculate l(-152).
107
Let s(i) = -i**2 - 3007*i + 401285. Determine s(128).
5
Let w(j) = -26864*j + 940222. Give w(35).
-18
Let o(w) = w**2 + 17*w - 69308. Determine o(255).
52
Let i(q) = q**2 + 660*q - 180555. What is i(208)?
-11
Let a(i) = i**2 + 3496*i + 175729. Give a(-51).
34
Let b(s) = -13598*s - 421499. Determine b(-31).
39
Let i(v) = 53592*v - 1982917. Determine i(37).
-13
Let j(s) = 31849*s + 191098. Calculate j(-6).
4
Let b(z) = z**3 - 15*z**2 - 12*z + 120. Calculate b(11).
-496
Let z(x) = -9*x**2 - 1358*x + 2907. Give z(-153).
0
Let h(q) = 9*q**3 + 42*q**2 - 53*q - 70. Calculate h(2).
64
Let h(j) = -j**3 - 172*j**2 - 2764*j + 1326. Determine h(-154).
94
Let p(f) = 496*f + 6393. Calculate p(-12).
441
Let p(m) = 76379*m + 305540. Give p(-4).
24
Let j(l) = 275332*l + 1652006. What is j(-6)?
14
Let r(g) = -58544*g - 819464. Determine r(-14).
152
Let y(x) = -x**3 - 6*x**2 + 30*x + 219. Determine y(-5).
44
Let s(f) = 437*f - 501. Give s(2).
373
Let a(y) = -y**3 - 38*y**2 - 507*y - 15670. Determine a(-36).
-10
Let r(m) = -4062*m - 109679. Calculate r(-27).
-5
Let s(c) = -1020*c - 132618. Calculate s(-130).
-18
Let f(y) = -86599*y - 1039121. What is f(-12)?
67
Let h(q) = -3*q**2 + 14*q + 6500. What is h(49)?
-17
Let q(k) = -6*k**3 - 16*k**2 + 17*k - 25. Determine q(-5).
240
Let s(l) = -4006*l - 2491753. What is s(-622)?
-21
Let t(y) = -3*y**2 + 228*y + 447. Determine t(77).
216
Let v(o) = -11*o**2 + 972*o - 376. Give v(88).
-24
Let s(i) = 21191*i**3 + 42384*i**2 + 11*i + 12. What is s(-2)?
-2
Let h(f) = -3*f**2 + 26801*f + 29. Give h(0).
29
Let j(v) = 9*v**2 - 4659*v + 102394. Give j(23).
-2
Let o(x) = -266*x - 5054. Give o(-19).
0
Let i(n) = n**2 - 41*n - 1309. Calculate i(-20).
-89
Let b(c) = -c**3 + 138*c**2 - 317*c + 24665. What is b(137)?
5
Let t(w) = 2*w**2 + 7074*w + 6168231. Give t(-1977).
-9
Let b(f) = -f**2 - 25*f + 334. Determine b(9).
28
Let v(c) = -c**3 - 509*c**2 - 1027*c - 263676. What is v(-5